git of l?
3
Let a(h) = -3*h**2 + 21*h + 17. Let j(v) = 4*v**2 - 31*v - 25. Let n(f) = 7*a(f) + 5*j(f). What is the tens digit of n(-4)?
1
Suppose -q + 2*n + 8 = 0, -3*n + 21 = 6. What is the units digit of q?
8
Let h(l) = -304*l**3 + l**2 - 3*l - 4. What is the tens digit of h(-1)?
0
Let r(i) = -8*i + 3. What is the tens digit of r(-11)?
9
Let x(f) = -f + 10. What is the units digit of x(0)?
0
Suppose 5*c + 0*c + 3*t - 34 = 0, 0 = 2*c + 4*t - 22. What is the units digit of c?
5
What is the units digit of 4 + 4 + -4 + -1?
3
Suppose 4*u = -0*a + 2*a - 286, 4*a - 3*u = 562. What is the tens digit of a?
3
Suppose 5*a = -2*j - 35, 2*j - 1 = -11. What is the units digit of ((-1)/(-3))/(a/(-195))?
3
Suppose -1 - 7 = -a. What is the units digit of a?
8
Suppose -5*h = 2*z - 72, -4*h + 0*h = -8. Let m = -21 + z. What is the units digit of m?
0
Let x(w) = -70*w + 5. What is the units digit of x(-2)?
5
Suppose -3*b - 16 = -4*v, 8 = 3*b + 2*v - 0*v. Suppose w + 1 = 2*w, b = -p - 3*w + 20. What is the tens digit of p?
1
Let r be 52/(-14) + 4/(-14). Let i be 150/14 - r/14. What is the tens digit of 119/i + (-6)/(-33)?
1
Suppose -230 = -0*g - 5*g. What is the tens digit of g?
4
Let o = -26 - -28. What is the units digit of (-448)/(-35)*5/o?
2
Suppose 0*x = -5*x + 10. Suppose -d = -1, 0*j + 2*d - x = 2*j. Suppose j = k - 1 - 1. What is the units digit of k?
2
Suppose -3*x + 251 = -166. What is the tens digit of x?
3
Let d(g) = 2*g**2 + 4*g + 10. What is the units digit of d(-7)?
0
Suppose -52 = 4*s - 8*s. What is the tens digit of s?
1
Suppose 0 = -2*i + 1 + 9. Let r(v) = v - 1. What is the units digit of r(i)?
4
Let u = -15 - -24. Let j(c) = -c**3 + 9*c**2 + 10*c - 12. Let g be j(u). Suppose g = 5*o - 17. What is the units digit of o?
9
Let u(q) = -q**2 - 3*q - 2. Let m be u(-2). Suppose m = -2*y - 0 + 10. What is the units digit of y?
5
Let t(s) = -s + 6. Let p = 8 - 4. Let m be t(p). What is the units digit of 1 - 21/(-3) - m?
6
Let z = 6 + -3. Suppose 9 - 27 = -z*d. What is the units digit of d?
6
Let p(i) = 16*i**3 + i**2 + i. Let t be p(-1). Let u = t + 38. What is the tens digit of u?
2
Let o be 17*(4 - (2 - 2)). Suppose p + 3*p - o = 0. What is the units digit of p?
7
Let u be 1 + 1 + 2 + -1. Suppose 0 = 2*x - x + 4*r + 3, u*r = -x - 2. What is the units digit of x?
1
Let q(z) = 3*z**2 + 3*z + 1. Let p be q(-2). What is the units digit of (-2)/p + 54/42?
1
Suppose 4*m + 65 = 5*z, 4*m - m = -4*z - 10. Let o = 12 + m. What is the units digit of (12/24)/(o/8)?
2
Suppose -1 = l - 3. Suppose -l*g = -n - 3*g + 4, g = -2. What is the units digit of n?
6
Suppose 0 = 3*o - 0*o + 9. Let n = 4 - o. What is the units digit of n?
7
Let u(v) = 3*v. Let n be u(1). Suppose i - n*r = 15, -2*i + 2*r + 38 = -0. What is the tens digit of i?
2
Suppose 7*f - 25 = 2*f. Suppose j - 6 = 5*r + 5*j, f*r = j + 14. What is the units digit of r?
2
Let k(d) = 4*d**3 - 4*d**2 + 3*d - 2. What is the tens digit of k(2)?
2
Let u(y) = -7*y - 5. Let q be -4*(-2)/(-3 + 2). What is the tens digit of u(q)?
5
Suppose 6*n - 2*b = 2*n + 66, -3*n + 4*b = -47. What is the tens digit of n?
1
Let z(i) = -i**2 + 9*i + 12. Let w be z(10). Suppose -4*p + 40 = w*m, 2*m + 5*p + 38 = 5*m. Suppose -3*d = -5*d + m. What is the units digit of d?
8
Suppose -2*n - 2*r - 51 = -129, -n + 39 = -3*r. What is the tens digit of n?
3
Let x(n) = -n - 1. Let k be x(-5). Let p = 16 - k. Suppose -4*h + p = 4. What is the units digit of h?
2
Suppose -3*g + s + 0*s - 23 = 0, 4*g - 5*s + 49 = 0. Let v(k) = k**2 + 5*k + 3. What is the units digit of v(g)?
9
Let t = 475 + -150. What is the units digit of t?
5
Suppose z = -z - 4. Let g be -5*1/(z + 1). Suppose 5*l = -2*i - 15, 0*i + g = 3*i + 2*l. What is the units digit of i?
5
Suppose 0*t = -t + 23. What is the units digit of t?
3
Suppose -2 = -2*l - 4*w + 18, -l + 5*w - 25 = 0. Suppose l*a - 18 = -2*a. What is the units digit of a?
9
Let m be ((-7)/4)/(1/4). Let u = m - -4. Let i = 9 + u. What is the units digit of i?
6
Let t = -11 - -19. Let a = t + -1. What is the units digit of a?
7
Let b be (-14)/(-4) + 7/(-14). Suppose -5*a + 66 + 50 = b*r, -3*a = -r + 20. What is the units digit of r?
2
Let h(j) be the first derivative of 1/2*j**2 + 3 + 4*j. What is the units digit of h(3)?
7
Let p(r) = -r**3 - 14*r**2 + 9*r + 16. Let l be p(-15). Suppose -l + 46 = -5*s. What is the units digit of s?
2
Let u = -6 - -9. Suppose 0 = -4*p + u*n + 21, 6*n - 2*n + 15 = p. What is the units digit of p?
3
Suppose 0 = -2*d - 6*k + k + 12, -3*k + 36 = 3*d. What is the units digit of d/20*130/4?
6
Suppose -x = 2*h - 0*h - 16, h = 3*x - 27. Let j be 1/2 + x/4. Suppose -2*y + 0*c = -c - 7, -c + j = 0. What is the units digit of y?
5
Let r be (1/3)/(6/36). Suppose 2*y = y + r. What is the units digit of y?
2
Suppose -2*f + 140 = -2. What is the units digit of f?
1
What is the units digit of -2 + (-96)/(-54) + 3892/18?
6
Suppose 0 = -w - 0 + 4. Suppose -3*t + 14 = n - 6*n, 3*t - 32 = -w*n. Suppose -7*q + t = -3*q. What is the units digit of q?
2
Suppose 2*d = 4*d - 4. What is the units digit of (-27)/((-6)/d) + 0?
9
Let y = 201 - 33. What is the units digit of y?
8
Suppose 2*k = 46 + 38. What is the units digit of k?
2
Let d = 2 - -2. Suppose -2*f - 2 = d. Let a = f + 4. What is the units digit of a?
1
Suppose 0 = -4*g + 27*m - 26*m + 723, 5*g = m + 905. What is the tens digit of g?
8
Let d(z) = 17*z**2 - z + 1. Let b(g) = -g**3 - 7*g**2 + 7*g - 7. Let k be b(-8). What is the units digit of d(k)?
7
Let k(t) be the third derivative of 3*t**2 + 0 - 7/60*t**5 + t**3 + 1/120*t**6 + 0*t + 0*t**4. What is the units digit of k(7)?
6
Let i = 7 + -2. Let h be 4/(-10) - (-17)/i. Suppose -3*q + 30 = -3*s, -h*q + 50 - 16 = -5*s. What is the units digit of q?
8
Suppose -188 = -2*x + 4. What is the units digit of x?
6
Suppose -4 = 4*t, h - 4*t + t - 56 = 0. What is the units digit of h?
3
Let y be -6*((-5)/2)/(-5). Let a = -3 + y. Let s(x) = -x - 4. What is the units digit of s(a)?
2
Let j be (5 - 2)/(4/40). Suppose -9 = 3*z + j. Let d = 10 - z. What is the tens digit of d?
2
Let h(r) = -r + 10. What is the tens digit of h(0)?
1
Suppose 4*k - 1 = l - 21, 2*l - 4*k = 24. Suppose -4*y = 32 - 12, -l*s + 54 = 2*y. What is the tens digit of s?
1
Let s(v) = v**3 + 10*v**2 + 7*v + 13. What is the units digit of s(-9)?
1
Let w = -4 + -3. Let z(v) = v - 4. Let b be z(3). Let g = b - w. What is the units digit of g?
6
Let c(l) = -1 + 0*l + 5*l - 3*l. Let b be 63/6*2/3. What is the tens digit of c(b)?
1
Let z(q) = -q**2 + 11*q + 13. What is the units digit of z(12)?
1
Let x = -3 - -7. Suppose 5*d + 4*j + 112 = 0, 5*j = -x*d + 2*j - 89. Let m = -11 - d. What is the units digit of m?
9
Let p(j) = j**2 - 3*j - 4. Let g = 1 + 2. Let w be p(g). What is the units digit of -1*(-5)/((-10)/w)?
2
Suppose -225 = -h - 4*h. What is the units digit of h?
5
Let d(i) = -4*i**3 - 9*i**2 - 8*i - 6. Let g(p) = 3*p**3 + 8*p**2 + 7*p + 6. Let t(r) = 2*d(r) + 3*g(r). What is the units digit of t(-5)?
6
Let r(l) = l**2 + 3*l - 4. Suppose 2*k = -k + 3. Suppose 5*t - k - 19 = -5*g, 0 = -2*t + 5*g + 1. What is the tens digit of r(t)?
1
Suppose 2*c - 2*s = 8, 3*c + 2*s = -1 + 13. What is the units digit of c?
4
Suppose -3*v = -59 - 1. What is the tens digit of v?
2
Let o be (0 - (2 - 1)) + 6. Let w = 13 + -15. Let m = o + w. What is the units digit of m?
3
Let w(l) be the third derivative of -l**6/120 - 13*l**5/60 - 11*l**4/24 + 8*l**3/3 - 3*l**2. What is the units digit of w(-12)?
4
Suppose v - 192 = -11*v. What is the tens digit of v?
1
Suppose 4*a - 232 = -0*f - 3*f, 150 = 2*f - 2*a. What is the tens digit of f?
7
What is the units digit of ((-24)/20)/(4/(-10))?
3
Suppose 0 = 3*u - 67 - 47. What is the units digit of u?
8
Let u = 4 - 9. Let b = -7 + u. What is the units digit of 2*21/b*-2?
7
What is the tens digit of (2 - -7)*7 - 3?
6
Suppose -2*k + 3*r + 14 = -2*r, -2*r - 6 = -k. Suppose -x + k = x. What is the units digit of x?
1
Suppose 11 = -4*j + 55. What is the tens digit of j?
1
Suppose 2*d = -0*d. Suppose 3*i = -d*i + 9. Suppose -i*p = -4*p + 7. What is the units digit of p?
7
Suppose -4*s - 16 - 38 = 5*t, -t = 5*s + 15. Let x be 49/35 + 4/t. What is the units digit of (x/(-2))/((-3)/72)?
2
Suppose -3*l = -h + 12, 0*h - 5*l = 2*h + 